{"id":345,"date":"2018-03-02T08:37:34","date_gmt":"2018-03-02T08:37:34","guid":{"rendered":"https:\/\/adsp-bejune.ch\/site\/?page_id=345"},"modified":"2025-02-19T10:15:42","modified_gmt":"2025-02-19T10:15:42","slug":"les-soins-palliatifs","status":"publish","type":"page","link":"https:\/\/adsp-bejune.ch\/site\/la-strategie\/les-soins-palliatifs\/","title":{"rendered":"Les soins palliatifs"},"content":{"rendered":"<hr \/>\n<h3 style=\"text-align: justify;\">Les soins palliatifs englobent toutes les mesures visant \u00e0 soulager la souffrance d'une personne atteinte d'une affection non gu\u00e9rissable et \u00e0 lui assurer la meilleure qualit\u00e9 de vie possible jusqu'\u00e0 la fin.<\/h3>\n<hr \/>\n<p style=\"text-align: justify;\">Selon les \u00ab <a href=\"https:\/\/www.bag.admin.ch\/bag\/fr\/home\/themen\/strategien-politik\/nationale-gesundheitsstrategien\/strategie-palliative-care\/grundlagen-zur-strategie-palliative-care.html\" target=\"_blank\" rel=\"noopener\">Directives nationales concernant les soins palliatifs<\/a> \u00bb, les soins palliatifs \u00ab englobent le soutien et les traitements m\u00e9dicaux apport\u00e9s aux personnes souffrant de maladies incurables, potentiellement mortelles et\/ou chroniques \u00e9volutives. Bien qu\u2019ils soient introduits \u00e0 un stade pr\u00e9coce, ils interviennent principalement au moment o\u00f9 les soins curatifs ne semblent plus possibles et ne constituent plus un objectif primaire. Ils offrent aux patients, compte tenu de leur situation, la meilleure qualit\u00e9 de vie possible jusqu\u2019\u00e0 leur d\u00e9c\u00e8s, tout en apportant un soutien appropri\u00e9 \u00e0 leurs proches. Les soins palliatifs visent \u00e0 \u00e9viter la souffrance et les complications. Ils comprennent les traitements m\u00e9dicaux, les soins, ainsi que le soutien psychologique, social et spirituel. \u00bb<\/p>\n<hr \/>\n<p>Pour aller plus loin :<\/p>\n<p>\u2192\u00a0 <a href=\"https:\/\/www.palliative.ch\/fr\/que-sont-les-soins-palliatifs\/cest-ca-les-soins-palliatifs\" target=\"_blank\" rel=\"noopener\">Pr\u00e9sentation des soins palliatifs sur le site de palliative.ch<\/a><\/p>\n<p>\u2192\u00a0 <a href=\"https:\/\/www.bag.admin.ch\/bag\/fr\/home\/strategie-und-politik\/nationale-gesundheitsstrategien\/palliative-care\/grundlagen-zur-strategie-palliative-care.html\" target=\"_blank\" rel=\"noopener\">Les soins palliatifs sur le site de l'OFSP<\/a><\/p>\n<hr \/>\n<p><img loading=\"lazy\" decoding=\"async\" class=\"aligncenter size-full wp-image-362\" src=\"https:\/\/adsp-bejune.ch\/site\/wp-content\/uploads\/2018\/03\/Fleur-4.jpg\" alt=\"\" width=\"1600\" height=\"1600\" srcset=\"https:\/\/adsp-bejune.ch\/site\/wp-content\/uploads\/2018\/03\/Fleur-4.jpg 1600w, https:\/\/adsp-bejune.ch\/site\/wp-content\/uploads\/2018\/03\/Fleur-4-150x150.jpg 150w, https:\/\/adsp-bejune.ch\/site\/wp-content\/uploads\/2018\/03\/Fleur-4-300x300.jpg 300w, https:\/\/adsp-bejune.ch\/site\/wp-content\/uploads\/2018\/03\/Fleur-4-768x768.jpg 768w, https:\/\/adsp-bejune.ch\/site\/wp-content\/uploads\/2018\/03\/Fleur-4-1024x1024.jpg 1024w, https:\/\/adsp-bejune.ch\/site\/wp-content\/uploads\/2018\/03\/Fleur-4-820x820.jpg 820w\" sizes=\"auto, (max-width: 1600px) 100vw, 1600px\" \/><\/p>\n<hr \/>\n<p>&nbsp;<\/p>\n","protected":false},"excerpt":{"rendered":"<p>Les soins palliatifs englobent toutes les mesures visant \u00e0 soulager la souffrance d&rsquo;une personne atteinte d&rsquo;une affection non gu\u00e9rissable et \u00e0 lui assurer la meilleure qualit\u00e9 de vie possible jusqu&rsquo;\u00e0 la fin. Selon les \u00ab Directives nationales concernant les soins palliatifs \u00bb, les soins palliatifs \u00ab englobent le soutien et les traitements m\u00e9dicaux apport\u00e9s aux [&hellip;]<\/p>\n","protected":false},"author":1,"featured_media":0,"parent":69,"menu_order":0,"comment_status":"closed","ping_status":"closed","template":"","meta":{"footnotes":""},"class_list":["post-345","page","type-page","status-publish","hentry"],"wppr_data":{"cwp_meta_box_check":"No"},"_links":{"self":[{"href":"https:\/\/adsp-bejune.ch\/site\/wp-json\/wp\/v2\/pages\/345","targetHints":{"allow":["GET"]}}],"collection":[{"href":"https:\/\/adsp-bejune.ch\/site\/wp-json\/wp\/v2\/pages"}],"about":[{"href":"https:\/\/adsp-bejune.ch\/site\/wp-json\/wp\/v2\/types\/page"}],"author":[{"embeddable":true,"href":"https:\/\/adsp-bejune.ch\/site\/wp-json\/wp\/v2\/users\/1"}],"replies":[{"embeddable":true,"href":"https:\/\/adsp-bejune.ch\/site\/wp-json\/wp\/v2\/comments?post=345"}],"version-history":[{"count":14,"href":"https:\/\/adsp-bejune.ch\/site\/wp-json\/wp\/v2\/pages\/345\/revisions"}],"predecessor-version":[{"id":946,"href":"https:\/\/adsp-bejune.ch\/site\/wp-json\/wp\/v2\/pages\/345\/revisions\/946"}],"up":[{"embeddable":true,"href":"https:\/\/adsp-bejune.ch\/site\/wp-json\/wp\/v2\/pages\/69"}],"wp:attachment":[{"href":"https:\/\/adsp-bejune.ch\/site\/wp-json\/wp\/v2\/media?parent=345"}],"curies":[{"name":"wp","href":"https:\/\/api.w.org\/{rel}","templated":true}]}}

<hr />
<h3 style="text-align: justify;">Les soins palliatifs englobent toutes les mesures visant à soulager la souffrance d'une personne atteinte d'une affection non guérissable et à lui assurer la meilleure qualité de vie possible jusqu'à la fin.</h3>
<hr />
<p style="text-align: justify;">Selon les « <a href="https://www.bag.admin.ch/bag/fr/home/themen/strategien-politik/nationale-gesundheitsstrategien/strategie-palliative-care/grundlagen-zur-strategie-palliative-care.html" target="_blank" rel="noopener">Directives nationales concernant les soins palliatifs</a> », les soins palliatifs « englobent le soutien et les traitements médicaux apportés aux personnes souffrant de maladies incurables, potentiellement mortelles et/ou chroniques évolutives. Bien qu’ils soient introduits à un stade précoce, ils interviennent principalement au moment où les soins curatifs ne semblent plus possibles et ne constituent plus un objectif primaire. Ils offrent aux patients, compte tenu de leur situation, la meilleure qualité de vie possible jusqu’à leur décès, tout en apportant un soutien approprié à leurs proches. Les soins palliatifs visent à éviter la souffrance et les complications. Ils comprennent les traitements médicaux, les soins, ainsi que le soutien psychologique, social et spirituel. »</p>
<hr />
<p>Pour aller plus loin :</p>
<p>→  <a href="https://www.palliative.ch/fr/que-sont-les-soins-palliatifs/cest-ca-les-soins-palliatifs" target="_blank" rel="noopener">Présentation des soins palliatifs sur le site de palliative.ch</a></p>
<p>→  <a href="https://www.bag.admin.ch/bag/fr/home/strategie-und-politik/nationale-gesundheitsstrategien/palliative-care/grundlagen-zur-strategie-palliative-care.html" target="_blank" rel="noopener">Les soins palliatifs sur le site de l'OFSP</a></p>
<hr />
<p><img loading="lazy" decoding="async" class="aligncenter size-full wp-image-362" src="https://adsp-bejune.ch/site/wp-content/uploads/2018/03/Fleur-4.jpg" alt="" width="1600" height="1600" srcset="https://adsp-bejune.ch/site/wp-content/uploads/2018/03/Fleur-4.jpg 1600w, https://adsp-bejune.ch/site/wp-content/uploads/2018/03/Fleur-4-150x150.jpg 150w, https://adsp-bejune.ch/site/wp-content/uploads/2018/03/Fleur-4-300x300.jpg 300w, https://adsp-bejune.ch/site/wp-content/uploads/2018/03/Fleur-4-768x768.jpg 768w, https://adsp-bejune.ch/site/wp-content/uploads/2018/03/Fleur-4-1024x1024.jpg 1024w, https://adsp-bejune.ch/site/wp-content/uploads/2018/03/Fleur-4-820x820.jpg 820w" sizes="auto, (max-width: 1600px) 100vw, 1600px" /></p>
<hr />
<p>&nbsp;</p>

<p>Les soins palliatifs englobent toutes les mesures visant à soulager la souffrance d&rsquo;une personne atteinte d&rsquo;une affection non guérissable et à lui assurer la meilleure qualité de vie possible jusqu&rsquo;à la fin. Selon les « Directives nationales concernant les soins palliatifs », les soins palliatifs « englobent le soutien et les traitements médicaux apportés aux [&hellip;]</p>
