{"id":506,"date":"2019-05-14T07:18:07","date_gmt":"2019-05-14T07:18:07","guid":{"rendered":"https:\/\/adsp-bejune.ch\/site\/?page_id=506"},"modified":"2019-11-18T16:31:49","modified_gmt":"2019-11-18T16:31:49","slug":"palliactif","status":"publish","type":"page","link":"https:\/\/adsp-bejune.ch\/site\/palliactif\/","title":{"rendered":"palliactif"},"content":{"rendered":"<hr \/>\n<p style=\"text-align: justify;\">Les soins palliatifs sont mis en oeuvre quotidiennement dans de tr\u00e8s nombreux services et\u00a0institutions de la r\u00e9gion BEJUNE (*). Pourtant cette approche des soins est encore trop souvent m\u00e9connue, tant par les professionnels que par la population.\u00a0<br \/>\n<em>(*) soit les cantons de Berne (pour l'arrondissement administratif du Jura bernois), du Jura et de Neuch\u00e2tel.<\/em><\/p>\n<p>L'Association pour le d\u00e9veloppement des soins palliatifs BEJUNE (ADSP BEJUNE), sur mandat des trois cantons, est charg\u00e9e de mettre en oeuvre la\u00a0<a href=\"https:\/\/adsp-bejune.ch\/site\/la-strategie\/\" target=\"_blank\" rel=\"noopener noreferrer\" data-cke-saved-href=\"https:\/\/adsp-bejune.ch\/site\/la-strategie\/\">strat\u00e9gie BEJUNE en mati\u00e8re de soins palliatifs<\/a>.<\/p>\n<p>L'un des enjeux est de faire conna\u00eetre les soins palliatifs \u00e0 la population et aux professionnels. Une strat\u00e9gie de communication\u00a0a \u00e9t\u00e9 d\u00e9finie avec l'Agence Giorgianni &amp;\u00a0Moeschler\u00a0de Tavannes avec qui nous collaborons pour sa r\u00e9alisation et la cr\u00e9ation des moyens de communication.<\/p>\n<p><img loading=\"lazy\" decoding=\"async\" class=\"aligncenter wp-image-547\" src=\"https:\/\/adsp-bejune.ch\/site\/wp-content\/uploads\/2019\/05\/ImgStratComElementsViolet-1024x339.png\" alt=\"\" width=\"440\" height=\"146\" srcset=\"https:\/\/adsp-bejune.ch\/site\/wp-content\/uploads\/2019\/05\/ImgStratComElementsViolet-1024x339.png 1024w, https:\/\/adsp-bejune.ch\/site\/wp-content\/uploads\/2019\/05\/ImgStratComElementsViolet-300x99.png 300w, https:\/\/adsp-bejune.ch\/site\/wp-content\/uploads\/2019\/05\/ImgStratComElementsViolet-768x254.png 768w, https:\/\/adsp-bejune.ch\/site\/wp-content\/uploads\/2019\/05\/ImgStratComElementsViolet-50x17.png 50w, https:\/\/adsp-bejune.ch\/site\/wp-content\/uploads\/2019\/05\/ImgStratComElementsViolet-820x271.png 820w, https:\/\/adsp-bejune.ch\/site\/wp-content\/uploads\/2019\/05\/ImgStratComElementsViolet.png 1321w\" sizes=\"auto, (max-width: 440px) 100vw, 440px\" \/><\/p>\n<p style=\"text-align: justify;\">Dans ce cadre, nous voulons offrir une vitrine pour pr\u00e9senter les soins palliatifs et les prestataires de notre r\u00e9gion. Cela implique une mise en r\u00e9seau des acteurs qui sera concr\u00e9tis\u00e9e\u00a0par trois vecteurs de communication :<\/p>\n<div>\n<ul>\n<li>la <a href=\"https:\/\/adsp-bejune.ch\/site\/palliactif\/inscription-a-la-lettre-dinformation\/\">lettre d'information<\/a>,<\/li>\n<li>la <a href=\"https:\/\/adsp-bejune.ch\/site\/palliactif\/charte\/\">charte des acteurs du r\u00e9seau des soins palliatifs BEJUNE<\/a>,<\/li>\n<li>la <a href=\"https:\/\/www.palliactif.ch\" target=\"_blank\" rel=\"noopener noreferrer\">plateforme <em><strong>palli<\/strong><\/em>actif<\/a> (vitrine commune).<\/li>\n<\/ul>\n<hr \/>\n<p><a href=\"https:\/\/www.palliactif.ch\" target=\"_blank\" rel=\"noopener noreferrer\"><img loading=\"lazy\" decoding=\"async\" class=\"aligncenter wp-image-643 size-full\" src=\"https:\/\/adsp-bejune.ch\/site\/wp-content\/uploads\/2019\/09\/Mockup-plateforme-2-\u00e9crans-e1568029104154.jpg\" alt=\"\" width=\"900\" height=\"498\" srcset=\"https:\/\/adsp-bejune.ch\/site\/wp-content\/uploads\/2019\/09\/Mockup-plateforme-2-\u00e9crans-e1568029104154.jpg 900w, https:\/\/adsp-bejune.ch\/site\/wp-content\/uploads\/2019\/09\/Mockup-plateforme-2-\u00e9crans-e1568029104154-300x166.jpg 300w, https:\/\/adsp-bejune.ch\/site\/wp-content\/uploads\/2019\/09\/Mockup-plateforme-2-\u00e9crans-e1568029104154-768x425.jpg 768w, https:\/\/adsp-bejune.ch\/site\/wp-content\/uploads\/2019\/09\/Mockup-plateforme-2-\u00e9crans-e1568029104154-50x28.jpg 50w, https:\/\/adsp-bejune.ch\/site\/wp-content\/uploads\/2019\/09\/Mockup-plateforme-2-\u00e9crans-e1568029104154-820x454.jpg 820w\" sizes=\"auto, (max-width: 900px) 100vw, 900px\" \/><\/a><\/p>\n<table style=\"border-collapse: collapse; width: 100%;\">\n<tbody>\n<tr>\n<td style=\"width: 50px; background-color: #8b56bf; text-align: center;\">\n<p>&nbsp;<\/p>\n<p><span style=\"color: #ffffff; font-size: 36pt; font-family: helvetica, arial, sans-serif;\"><strong><em>palliatif\u00a0<\/em> +\u00a0 <\/strong>actif<strong>\u00a0 = <em>palli<\/em><\/strong>actif<\/span><\/p>\n<p>&nbsp;<\/p>\n<p>\n<span style=\"color: #ffffff; font-family: helvetica, arial, sans-serif; font-size: 18pt;\"><strong>actif, <\/strong>en r\u00e9f\u00e9rence \u00e0 :<\/span><\/p>\n<ul>\n<li style=\"text-align: left;\"><span style=\"color: #ffffff; font-family: helvetica, arial, sans-serif; font-size: 18pt;\"><strong>les soins palliatifs sont des soins actifs<\/strong><\/span><\/li>\n<li style=\"text-align: left;\"><span style=\"color: #ffffff; font-family: helvetica, arial, sans-serif; font-size: 18pt;\"><strong>les acteurs des soins palliatifs<\/strong> (professionnels et b\u00e9n\u00e9voles)<\/span><\/li>\n<li style=\"text-align: left;\"><span style=\"color: #ffffff; font-family: helvetica, arial, sans-serif; font-size: 18pt;\"><strong>\u00eatre acteur de sa prise en charge, de son projet de vie<\/strong> (patient)<\/span><\/li>\n<\/ul>\n<p>&nbsp;<\/p>\n<\/td>\n<\/tr>\n<\/tbody>\n<\/table>\n<p>\n<img loading=\"lazy\" decoding=\"async\" class=\"aligncenter size-medium wp-image-525\" src=\"https:\/\/adsp-bejune.ch\/site\/wp-content\/uploads\/2019\/05\/PALLI_Violet-300x100.png\" alt=\"\" width=\"300\" height=\"100\" srcset=\"https:\/\/adsp-bejune.ch\/site\/wp-content\/uploads\/2019\/05\/PALLI_Violet-300x100.png 300w, https:\/\/adsp-bejune.ch\/site\/wp-content\/uploads\/2019\/05\/PALLI_Violet-768x256.png 768w, https:\/\/adsp-bejune.ch\/site\/wp-content\/uploads\/2019\/05\/PALLI_Violet-1024x341.png 1024w, https:\/\/adsp-bejune.ch\/site\/wp-content\/uploads\/2019\/05\/PALLI_Violet-50x17.png 50w, https:\/\/adsp-bejune.ch\/site\/wp-content\/uploads\/2019\/05\/PALLI_Violet-820x273.png 820w\" sizes=\"auto, (max-width: 300px) 100vw, 300px\" \/><\/div>\n<hr \/>\n<p>&nbsp;<\/p>\n","protected":false},"excerpt":{"rendered":"<p>Les soins palliatifs sont mis en oeuvre quotidiennement dans de tr\u00e8s nombreux services et\u00a0institutions de la r\u00e9gion BEJUNE (*). Pourtant cette approche des soins est encore trop souvent m\u00e9connue, tant par les professionnels que par la population.\u00a0 (*) soit les cantons de Berne (pour l&rsquo;arrondissement administratif du Jura bernois), du Jura et de Neuch\u00e2tel. L&rsquo;Association [&hellip;]<\/p>\n","protected":false},"author":1,"featured_media":0,"parent":0,"menu_order":0,"comment_status":"closed","ping_status":"closed","template":"page-templates\/page_fullwidth.php","meta":{"footnotes":""},"class_list":["post-506","page","type-page","status-publish","hentry"],"wppr_data":{"cwp_meta_box_check":"No"},"_links":{"self":[{"href":"https:\/\/adsp-bejune.ch\/site\/wp-json\/wp\/v2\/pages\/506","targetHints":{"allow":["GET"]}}],"collection":[{"href":"https:\/\/adsp-bejune.ch\/site\/wp-json\/wp\/v2\/pages"}],"about":[{"href":"https:\/\/adsp-bejune.ch\/site\/wp-json\/wp\/v2\/types\/page"}],"author":[{"embeddable":true,"href":"https:\/\/adsp-bejune.ch\/site\/wp-json\/wp\/v2\/users\/1"}],"replies":[{"embeddable":true,"href":"https:\/\/adsp-bejune.ch\/site\/wp-json\/wp\/v2\/comments?post=506"}],"version-history":[{"count":23,"href":"https:\/\/adsp-bejune.ch\/site\/wp-json\/wp\/v2\/pages\/506\/revisions"}],"predecessor-version":[{"id":736,"href":"https:\/\/adsp-bejune.ch\/site\/wp-json\/wp\/v2\/pages\/506\/revisions\/736"}],"wp:attachment":[{"href":"https:\/\/adsp-bejune.ch\/site\/wp-json\/wp\/v2\/media?parent=506"}],"curies":[{"name":"wp","href":"https:\/\/api.w.org\/{rel}","templated":true}]}}

<hr />
<p style="text-align: justify;">Les soins palliatifs sont mis en oeuvre quotidiennement dans de très nombreux services et institutions de la région BEJUNE (*). Pourtant cette approche des soins est encore trop souvent méconnue, tant par les professionnels que par la population. <br />
<em>(*) soit les cantons de Berne (pour l'arrondissement administratif du Jura bernois), du Jura et de Neuchâtel.</em></p>
<p>L'Association pour le développement des soins palliatifs BEJUNE (ADSP BEJUNE), sur mandat des trois cantons, est chargée de mettre en oeuvre la <a href="https://adsp-bejune.ch/site/la-strategie/" target="_blank" rel="noopener noreferrer" data-cke-saved-href="https://adsp-bejune.ch/site/la-strategie/">stratégie BEJUNE en matière de soins palliatifs</a>.</p>
<p>L'un des enjeux est de faire connaître les soins palliatifs à la population et aux professionnels. Une stratégie de communication a été définie avec l'Agence Giorgianni &amp; Moeschler de Tavannes avec qui nous collaborons pour sa réalisation et la création des moyens de communication.</p>
<p><img loading="lazy" decoding="async" class="aligncenter wp-image-547" src="https://adsp-bejune.ch/site/wp-content/uploads/2019/05/ImgStratComElementsViolet-1024x339.png" alt="" width="440" height="146" srcset="https://adsp-bejune.ch/site/wp-content/uploads/2019/05/ImgStratComElementsViolet-1024x339.png 1024w, https://adsp-bejune.ch/site/wp-content/uploads/2019/05/ImgStratComElementsViolet-300x99.png 300w, https://adsp-bejune.ch/site/wp-content/uploads/2019/05/ImgStratComElementsViolet-768x254.png 768w, https://adsp-bejune.ch/site/wp-content/uploads/2019/05/ImgStratComElementsViolet-50x17.png 50w, https://adsp-bejune.ch/site/wp-content/uploads/2019/05/ImgStratComElementsViolet-820x271.png 820w, https://adsp-bejune.ch/site/wp-content/uploads/2019/05/ImgStratComElementsViolet.png 1321w" sizes="auto, (max-width: 440px) 100vw, 440px" /></p>
<p style="text-align: justify;">Dans ce cadre, nous voulons offrir une vitrine pour présenter les soins palliatifs et les prestataires de notre région. Cela implique une mise en réseau des acteurs qui sera concrétisée par trois vecteurs de communication :</p>
<div>
<ul>
<li>la <a href="https://adsp-bejune.ch/site/palliactif/inscription-a-la-lettre-dinformation/">lettre d'information</a>,</li>
<li>la <a href="https://adsp-bejune.ch/site/palliactif/charte/">charte des acteurs du réseau des soins palliatifs BEJUNE</a>,</li>
<li>la <a href="https://www.palliactif.ch" target="_blank" rel="noopener noreferrer">plateforme <em><strong>palli</strong></em>actif</a> (vitrine commune).</li>
</ul>
<hr />
<p><a href="https://www.palliactif.ch" target="_blank" rel="noopener noreferrer"><img loading="lazy" decoding="async" class="aligncenter wp-image-643 size-full" src="https://adsp-bejune.ch/site/wp-content/uploads/2019/09/Mockup-plateforme-2-écrans-e1568029104154.jpg" alt="" width="900" height="498" srcset="https://adsp-bejune.ch/site/wp-content/uploads/2019/09/Mockup-plateforme-2-écrans-e1568029104154.jpg 900w, https://adsp-bejune.ch/site/wp-content/uploads/2019/09/Mockup-plateforme-2-écrans-e1568029104154-300x166.jpg 300w, https://adsp-bejune.ch/site/wp-content/uploads/2019/09/Mockup-plateforme-2-écrans-e1568029104154-768x425.jpg 768w, https://adsp-bejune.ch/site/wp-content/uploads/2019/09/Mockup-plateforme-2-écrans-e1568029104154-50x28.jpg 50w, https://adsp-bejune.ch/site/wp-content/uploads/2019/09/Mockup-plateforme-2-écrans-e1568029104154-820x454.jpg 820w" sizes="auto, (max-width: 900px) 100vw, 900px" /></a></p>
<table style="border-collapse: collapse; width: 100%;">
<tbody>
<tr>
<td style="width: 50px; background-color: #8b56bf; text-align: center;">
<p>&nbsp;</p>
<p><span style="color: #ffffff; font-size: 36pt; font-family: helvetica, arial, sans-serif;"><strong><em>palliatif </em> +  </strong>actif<strong>  = <em>palli</em></strong>actif</span></p>
<p>&nbsp;</p>
<p>
<span style="color: #ffffff; font-family: helvetica, arial, sans-serif; font-size: 18pt;"><strong>actif, </strong>en référence à :</span></p>
<ul>
<li style="text-align: left;"><span style="color: #ffffff; font-family: helvetica, arial, sans-serif; font-size: 18pt;"><strong>les soins palliatifs sont des soins actifs</strong></span></li>
<li style="text-align: left;"><span style="color: #ffffff; font-family: helvetica, arial, sans-serif; font-size: 18pt;"><strong>les acteurs des soins palliatifs</strong> (professionnels et bénévoles)</span></li>
<li style="text-align: left;"><span style="color: #ffffff; font-family: helvetica, arial, sans-serif; font-size: 18pt;"><strong>être acteur de sa prise en charge, de son projet de vie</strong> (patient)</span></li>
</ul>
<p>&nbsp;</p>
</td>
</tr>
</tbody>
</table>
<p>
<img loading="lazy" decoding="async" class="aligncenter size-medium wp-image-525" src="https://adsp-bejune.ch/site/wp-content/uploads/2019/05/PALLI_Violet-300x100.png" alt="" width="300" height="100" srcset="https://adsp-bejune.ch/site/wp-content/uploads/2019/05/PALLI_Violet-300x100.png 300w, https://adsp-bejune.ch/site/wp-content/uploads/2019/05/PALLI_Violet-768x256.png 768w, https://adsp-bejune.ch/site/wp-content/uploads/2019/05/PALLI_Violet-1024x341.png 1024w, https://adsp-bejune.ch/site/wp-content/uploads/2019/05/PALLI_Violet-50x17.png 50w, https://adsp-bejune.ch/site/wp-content/uploads/2019/05/PALLI_Violet-820x273.png 820w" sizes="auto, (max-width: 300px) 100vw, 300px" /></div>
<hr />
<p>&nbsp;</p>

<p>Les soins palliatifs sont mis en oeuvre quotidiennement dans de très nombreux services et institutions de la région BEJUNE (*). Pourtant cette approche des soins est encore trop souvent méconnue, tant par les professionnels que par la population.  (*) soit les cantons de Berne (pour l&rsquo;arrondissement administratif du Jura bernois), du Jura et de Neuchâtel. L&rsquo;Association [&hellip;]</p>
