{"id":635,"date":"2019-09-09T11:39:36","date_gmt":"2019-09-09T11:39:36","guid":{"rendered":"https:\/\/adsp-bejune.ch\/site\/?page_id=635"},"modified":"2019-09-19T13:42:20","modified_gmt":"2019-09-19T13:42:20","slug":"conference-de-presse","status":"publish","type":"page","link":"https:\/\/adsp-bejune.ch\/site\/conference-de-presse\/","title":{"rendered":"Conf\u00e9rence de presse"},"content":{"rendered":"<h2>Lancement de la plateforme palliactif.ch et de la charte des acteurs du r\u00e9seau de soins palliatifs BEJUNE<\/h2>\n<h3>\u00a0<\/h3>\n<p><strong>Lundi 23 septembre 2019, 10h00<\/strong><\/p>\n<p>Service de la sant\u00e9 publique du canton de Neuch\u00e2tel<br \/>\nRue J.-L. Pourtal\u00e8s 2, 2001 Neuch\u00e2tel <br \/>\nSalle de conf\u00e9rence, 1er \u00e9tage<\/p>\n<p><strong><em>embargo jusqu'au lundi 23 septembre 2019, 11h00<\/em><\/strong><\/p>\n<h3><strong><img loading=\"lazy\" decoding=\"async\" class=\"alignnone wp-image-643 size-full\" src=\"https:\/\/adsp-bejune.ch\/site\/wp-content\/uploads\/2019\/09\/Mockup-plateforme-2-\u00e9crans-e1568029104154.jpg\" alt=\"\" width=\"900\" height=\"498\" srcset=\"https:\/\/adsp-bejune.ch\/site\/wp-content\/uploads\/2019\/09\/Mockup-plateforme-2-\u00e9crans-e1568029104154.jpg 900w, https:\/\/adsp-bejune.ch\/site\/wp-content\/uploads\/2019\/09\/Mockup-plateforme-2-\u00e9crans-e1568029104154-300x166.jpg 300w, https:\/\/adsp-bejune.ch\/site\/wp-content\/uploads\/2019\/09\/Mockup-plateforme-2-\u00e9crans-e1568029104154-768x425.jpg 768w, https:\/\/adsp-bejune.ch\/site\/wp-content\/uploads\/2019\/09\/Mockup-plateforme-2-\u00e9crans-e1568029104154-50x28.jpg 50w, https:\/\/adsp-bejune.ch\/site\/wp-content\/uploads\/2019\/09\/Mockup-plateforme-2-\u00e9crans-e1568029104154-820x454.jpg 820w\" sizes=\"auto, (max-width: 900px) 100vw, 900px\" \/><\/strong><\/h3>\n<hr \/>\n<p>&nbsp;<\/p>\n<p><strong>DOCUMENTS \u00c0 L'INTENTION DE LA PRESSE ET DES M\u00c9DIAS<\/strong><\/p>\n<p>&nbsp;<\/p>\n<p><a href=\"https:\/\/adsp-bejune.ch\/site\/wp-content\/uploads\/2019\/09\/InvitationConferencePresse20190923_DEF.pdf\" target=\"_blank\" rel=\"noopener noreferrer\"><img loading=\"lazy\" decoding=\"async\" class=\"alignnone wp-image-226\" src=\"https:\/\/adsp-bejune.ch\/site\/wp-content\/uploads\/2017\/03\/symbole-de-lien-externe_318-41800-300x300.jpg\" alt=\"\" width=\"20\" height=\"20\" srcset=\"https:\/\/adsp-bejune.ch\/site\/wp-content\/uploads\/2017\/03\/symbole-de-lien-externe_318-41800-300x300.jpg 300w, https:\/\/adsp-bejune.ch\/site\/wp-content\/uploads\/2017\/03\/symbole-de-lien-externe_318-41800-150x150.jpg 150w, https:\/\/adsp-bejune.ch\/site\/wp-content\/uploads\/2017\/03\/symbole-de-lien-externe_318-41800.jpg 626w\" sizes=\"auto, (max-width: 20px) 100vw, 20px\" \/><\/a>\u00a0 Invitation \u00e0 la conf\u00e9rence de presse (pdf)<\/p>\n<p>&nbsp;<\/p>\n<p><a href=\"https:\/\/adsp-bejune.ch\/site\/wp-content\/uploads\/2019\/09\/Communiquedepresse_ADSP_20190923_DEF.pdf\" target=\"_blank\" rel=\"noopener noreferrer\"><img loading=\"lazy\" decoding=\"async\" class=\"alignnone wp-image-226\" src=\"https:\/\/adsp-bejune.ch\/site\/wp-content\/uploads\/2017\/03\/symbole-de-lien-externe_318-41800-300x300.jpg\" alt=\"\" width=\"20\" height=\"20\" srcset=\"https:\/\/adsp-bejune.ch\/site\/wp-content\/uploads\/2017\/03\/symbole-de-lien-externe_318-41800-300x300.jpg 300w, https:\/\/adsp-bejune.ch\/site\/wp-content\/uploads\/2017\/03\/symbole-de-lien-externe_318-41800-150x150.jpg 150w, https:\/\/adsp-bejune.ch\/site\/wp-content\/uploads\/2017\/03\/symbole-de-lien-externe_318-41800.jpg 626w\" sizes=\"auto, (max-width: 20px) 100vw, 20px\" \/><\/a>\u00a0 Communiqu\u00e9 de presse (pdf)<\/p>\n<p>&nbsp;<\/p>\n<p><a href=\"http:\/\/palliactif.ch\/uploads\/1560852690_charteacteursreseausoinspalliatifsbejune.pdf\" target=\"_blank\" rel=\"noopener noreferrer\"><img loading=\"lazy\" decoding=\"async\" class=\"alignnone wp-image-226\" src=\"https:\/\/adsp-bejune.ch\/site\/wp-content\/uploads\/2017\/03\/symbole-de-lien-externe_318-41800-300x300.jpg\" alt=\"\" width=\"20\" height=\"20\" srcset=\"https:\/\/adsp-bejune.ch\/site\/wp-content\/uploads\/2017\/03\/symbole-de-lien-externe_318-41800-300x300.jpg 300w, https:\/\/adsp-bejune.ch\/site\/wp-content\/uploads\/2017\/03\/symbole-de-lien-externe_318-41800-150x150.jpg 150w, https:\/\/adsp-bejune.ch\/site\/wp-content\/uploads\/2017\/03\/symbole-de-lien-externe_318-41800.jpg 626w\" sizes=\"auto, (max-width: 20px) 100vw, 20px\" \/><\/a>\u00a0 Texte de la charte des acteurs du r\u00e9seau de soins palliatifs BEJUNE (pdf)<\/p>\n<p>&nbsp;<\/p>\n<p><a href=\"https:\/\/adsp-bejune.ch\/site\/wp-content\/uploads\/2019\/09\/InfoADSP-V20190909_DEF.pdf\" target=\"_blank\" rel=\"noopener noreferrer\"><img loading=\"lazy\" decoding=\"async\" class=\"alignnone wp-image-226\" src=\"https:\/\/adsp-bejune.ch\/site\/wp-content\/uploads\/2017\/03\/symbole-de-lien-externe_318-41800-300x300.jpg\" alt=\"\" width=\"20\" height=\"20\" srcset=\"https:\/\/adsp-bejune.ch\/site\/wp-content\/uploads\/2017\/03\/symbole-de-lien-externe_318-41800-300x300.jpg 300w, https:\/\/adsp-bejune.ch\/site\/wp-content\/uploads\/2017\/03\/symbole-de-lien-externe_318-41800-150x150.jpg 150w, https:\/\/adsp-bejune.ch\/site\/wp-content\/uploads\/2017\/03\/symbole-de-lien-externe_318-41800.jpg 626w\" sizes=\"auto, (max-width: 20px) 100vw, 20px\" \/><\/a>\u00a0 Pr\u00e9sentation de l'ADSP BEJUNE (pdf)<\/p>\n<p>&nbsp;<\/p>\n<p><a href=\"https:\/\/adsp-bejune.ch\/site\/wp-content\/uploads\/2019\/09\/InfoPF-V20190909-DEF.pdf\" target=\"_blank\" rel=\"noopener noreferrer\"><img loading=\"lazy\" decoding=\"async\" class=\"alignnone wp-image-226\" src=\"https:\/\/adsp-bejune.ch\/site\/wp-content\/uploads\/2017\/03\/symbole-de-lien-externe_318-41800-300x300.jpg\" alt=\"\" width=\"20\" height=\"20\" srcset=\"https:\/\/adsp-bejune.ch\/site\/wp-content\/uploads\/2017\/03\/symbole-de-lien-externe_318-41800-300x300.jpg 300w, https:\/\/adsp-bejune.ch\/site\/wp-content\/uploads\/2017\/03\/symbole-de-lien-externe_318-41800-150x150.jpg 150w, https:\/\/adsp-bejune.ch\/site\/wp-content\/uploads\/2017\/03\/symbole-de-lien-externe_318-41800.jpg 626w\" sizes=\"auto, (max-width: 20px) 100vw, 20px\" \/><\/a>\u00a0 Informations compl\u00e9mentaires et liens (pdf)<\/p>\n<p>&nbsp;<\/p>\n<p><a href=\"https:\/\/adsp-bejune.ch\/site\/wp-content\/uploads\/2019\/09\/ConferencedepresseADSP20190923_DEF.pdf\" target=\"_blank\" rel=\"noopener noreferrer\"><img loading=\"lazy\" decoding=\"async\" class=\"alignnone wp-image-226\" src=\"https:\/\/adsp-bejune.ch\/site\/wp-content\/uploads\/2017\/03\/symbole-de-lien-externe_318-41800-300x300.jpg\" alt=\"\" width=\"20\" height=\"20\" srcset=\"https:\/\/adsp-bejune.ch\/site\/wp-content\/uploads\/2017\/03\/symbole-de-lien-externe_318-41800-300x300.jpg 300w, https:\/\/adsp-bejune.ch\/site\/wp-content\/uploads\/2017\/03\/symbole-de-lien-externe_318-41800-150x150.jpg 150w, https:\/\/adsp-bejune.ch\/site\/wp-content\/uploads\/2017\/03\/symbole-de-lien-externe_318-41800.jpg 626w\" sizes=\"auto, (max-width: 20px) 100vw, 20px\" \/><\/a>\u00a0 Pr\u00e9sentation Powerpoint de la conf\u00e9rence de presse (pdf)<\/p>\n<p>&nbsp;<\/p>\n<p><a href=\"https:\/\/adsp-bejune.ch\/site\/wp-content\/uploads\/2019\/09\/Mockup-plateforme-2-\u00e9crans-1.jpg\" target=\"_blank\" rel=\"https:\/\/adsp-bejune.ch\/site\/wp-content\/uploads\/2019\/09\/mockup-plateforme-2-\u00e9crans-1.jpg noopener noreferrer\"><img loading=\"lazy\" decoding=\"async\" class=\"alignnone wp-image-226\" src=\"https:\/\/adsp-bejune.ch\/site\/wp-content\/uploads\/2017\/03\/symbole-de-lien-externe_318-41800-300x300.jpg\" alt=\"\" width=\"20\" height=\"20\" srcset=\"https:\/\/adsp-bejune.ch\/site\/wp-content\/uploads\/2017\/03\/symbole-de-lien-externe_318-41800-300x300.jpg 300w, https:\/\/adsp-bejune.ch\/site\/wp-content\/uploads\/2017\/03\/symbole-de-lien-externe_318-41800-150x150.jpg 150w, https:\/\/adsp-bejune.ch\/site\/wp-content\/uploads\/2017\/03\/symbole-de-lien-externe_318-41800.jpg 626w\" sizes=\"auto, (max-width: 20px) 100vw, 20px\" \/><\/a>\u00a0 Mock up palliactif, 2 \u00e9crans (jpg, illustration libre de droit, r\u00e9alisation Agence Giorgianni &amp; Moeschler)<\/p>\n<p>&nbsp;<\/p>\n<p><a href=\"https:\/\/adsp-bejune.ch\/site\/wp-content\/uploads\/2019\/05\/PALLI_Violet.jpg\" target=\"_blank\" rel=\"noopener noreferrer\"><img loading=\"lazy\" decoding=\"async\" class=\"alignnone wp-image-226\" src=\"https:\/\/adsp-bejune.ch\/site\/wp-content\/uploads\/2017\/03\/symbole-de-lien-externe_318-41800-300x300.jpg\" alt=\"\" width=\"20\" height=\"20\" srcset=\"https:\/\/adsp-bejune.ch\/site\/wp-content\/uploads\/2017\/03\/symbole-de-lien-externe_318-41800-300x300.jpg 300w, https:\/\/adsp-bejune.ch\/site\/wp-content\/uploads\/2017\/03\/symbole-de-lien-externe_318-41800-150x150.jpg 150w, https:\/\/adsp-bejune.ch\/site\/wp-content\/uploads\/2017\/03\/symbole-de-lien-externe_318-41800.jpg 626w\" sizes=\"auto, (max-width: 20px) 100vw, 20px\" \/><\/a>\u00a0 Logo palliactif violet (jpg)<\/p>\n<p>&nbsp;<\/p>\n<hr \/>\n<p>&nbsp;<\/p>\n<p><strong>LIENS VERS DES RESSOURCES EN LIGNE<\/strong><\/p>\n<ul>\n<li>Plateforme palliactif.ch\u00a0:<br \/>\n<a href=\"https:\/\/www.palliactif.ch\"><em>https:\/\/www.palliactif.ch<\/em><\/a><\/p>\n<\/li>\n<li>Informations sur la charte des acteurs du r\u00e9seau de soins palliatifs BEJUNE : <em><br \/>\n<a href=\"https:\/\/www.palliactif.ch\/soigner\/la-charte\">https:\/\/www.palliactif.ch\/soigner\/la-charte<\/a><\/p>\n<p><\/em><\/li>\n<li>S\u2019inscrire \u00e0 la lettre d\u2019information\u00a0:<br \/>\n<a href=\"https:\/\/www.palliactif.ch\/a-propos\/la-lettre-dinformation\"><em>https:\/\/www.palliactif.ch\/a-propos\/la-lettre-dinformation<\/em><\/a><\/p>\n<\/li>\n<li>Page Facebook\u00a0:<em><br \/>\n<\/em><a href=\"https:\/\/www.facebook.com\/palliactif\/\"><em>https:\/\/www.facebook.com\/palliactif\/<\/em><\/a><\/p>\n<\/li>\n<li>Profil Instagram\u00a0: <em><br \/>\n<\/em><a href=\"https:\/\/www.instagram.com\/palliactif\/\"><em>https:\/\/www.instagram.com\/palliactif\/<\/em><\/a><\/li>\n<\/ul>\n<p>&nbsp;<\/p>\n<hr \/>\n<p>&nbsp;<\/p>\n","protected":false},"excerpt":{"rendered":"<p>Lancement de la plateforme palliactif.ch et de la charte des acteurs du r\u00e9seau de soins palliatifs BEJUNE \u00a0 Lundi 23 septembre 2019, 10h00 Service de la sant\u00e9 publique du canton de Neuch\u00e2tel Rue J.-L. Pourtal\u00e8s 2, 2001 Neuch\u00e2tel Salle de conf\u00e9rence, 1er \u00e9tage embargo jusqu&rsquo;au lundi 23 septembre 2019, 11h00 &nbsp; DOCUMENTS \u00c0 L&rsquo;INTENTION DE [&hellip;]<\/p>\n","protected":false},"author":1,"featured_media":0,"parent":0,"menu_order":0,"comment_status":"closed","ping_status":"closed","template":"","meta":{"footnotes":""},"class_list":["post-635","page","type-page","status-publish","hentry"],"wppr_data":{"cwp_meta_box_check":"No"},"_links":{"self":[{"href":"https:\/\/adsp-bejune.ch\/site\/wp-json\/wp\/v2\/pages\/635","targetHints":{"allow":["GET"]}}],"collection":[{"href":"https:\/\/adsp-bejune.ch\/site\/wp-json\/wp\/v2\/pages"}],"about":[{"href":"https:\/\/adsp-bejune.ch\/site\/wp-json\/wp\/v2\/types\/page"}],"author":[{"embeddable":true,"href":"https:\/\/adsp-bejune.ch\/site\/wp-json\/wp\/v2\/users\/1"}],"replies":[{"embeddable":true,"href":"https:\/\/adsp-bejune.ch\/site\/wp-json\/wp\/v2\/comments?post=635"}],"version-history":[{"count":40,"href":"https:\/\/adsp-bejune.ch\/site\/wp-json\/wp\/v2\/pages\/635\/revisions"}],"predecessor-version":[{"id":684,"href":"https:\/\/adsp-bejune.ch\/site\/wp-json\/wp\/v2\/pages\/635\/revisions\/684"}],"wp:attachment":[{"href":"https:\/\/adsp-bejune.ch\/site\/wp-json\/wp\/v2\/media?parent=635"}],"curies":[{"name":"wp","href":"https:\/\/api.w.org\/{rel}","templated":true}]}}

Conférence de presse

<h2>Lancement de la plateforme palliactif.ch et de la charte des acteurs du réseau de soins palliatifs BEJUNE</h2>
<h3> </h3>
<p><strong>Lundi 23 septembre 2019, 10h00</strong></p>
<p>Service de la santé publique du canton de Neuchâtel<br />
Rue J.-L. Pourtalès 2, 2001 Neuchâtel <br />
Salle de conférence, 1er étage</p>
<p><strong><em>embargo jusqu'au lundi 23 septembre 2019, 11h00</em></strong></p>
<h3><strong><img loading="lazy" decoding="async" class="alignnone wp-image-643 size-full" src="https://adsp-bejune.ch/site/wp-content/uploads/2019/09/Mockup-plateforme-2-écrans-e1568029104154.jpg" alt="" width="900" height="498" srcset="https://adsp-bejune.ch/site/wp-content/uploads/2019/09/Mockup-plateforme-2-écrans-e1568029104154.jpg 900w, https://adsp-bejune.ch/site/wp-content/uploads/2019/09/Mockup-plateforme-2-écrans-e1568029104154-300x166.jpg 300w, https://adsp-bejune.ch/site/wp-content/uploads/2019/09/Mockup-plateforme-2-écrans-e1568029104154-768x425.jpg 768w, https://adsp-bejune.ch/site/wp-content/uploads/2019/09/Mockup-plateforme-2-écrans-e1568029104154-50x28.jpg 50w, https://adsp-bejune.ch/site/wp-content/uploads/2019/09/Mockup-plateforme-2-écrans-e1568029104154-820x454.jpg 820w" sizes="auto, (max-width: 900px) 100vw, 900px" /></strong></h3>
<hr />
<p>&nbsp;</p>
<p><strong>DOCUMENTS À L'INTENTION DE LA PRESSE ET DES MÉDIAS</strong></p>
<p>&nbsp;</p>
<p><a href="https://adsp-bejune.ch/site/wp-content/uploads/2019/09/InvitationConferencePresse20190923_DEF.pdf" target="_blank" rel="noopener noreferrer"><img loading="lazy" decoding="async" class="alignnone wp-image-226" src="https://adsp-bejune.ch/site/wp-content/uploads/2017/03/symbole-de-lien-externe_318-41800-300x300.jpg" alt="" width="20" height="20" srcset="https://adsp-bejune.ch/site/wp-content/uploads/2017/03/symbole-de-lien-externe_318-41800-300x300.jpg 300w, https://adsp-bejune.ch/site/wp-content/uploads/2017/03/symbole-de-lien-externe_318-41800-150x150.jpg 150w, https://adsp-bejune.ch/site/wp-content/uploads/2017/03/symbole-de-lien-externe_318-41800.jpg 626w" sizes="auto, (max-width: 20px) 100vw, 20px" /></a>  Invitation à la conférence de presse (pdf)</p>
<p>&nbsp;</p>
<p><a href="https://adsp-bejune.ch/site/wp-content/uploads/2019/09/Communiquedepresse_ADSP_20190923_DEF.pdf" target="_blank" rel="noopener noreferrer"><img loading="lazy" decoding="async" class="alignnone wp-image-226" src="https://adsp-bejune.ch/site/wp-content/uploads/2017/03/symbole-de-lien-externe_318-41800-300x300.jpg" alt="" width="20" height="20" srcset="https://adsp-bejune.ch/site/wp-content/uploads/2017/03/symbole-de-lien-externe_318-41800-300x300.jpg 300w, https://adsp-bejune.ch/site/wp-content/uploads/2017/03/symbole-de-lien-externe_318-41800-150x150.jpg 150w, https://adsp-bejune.ch/site/wp-content/uploads/2017/03/symbole-de-lien-externe_318-41800.jpg 626w" sizes="auto, (max-width: 20px) 100vw, 20px" /></a>  Communiqué de presse (pdf)</p>
<p>&nbsp;</p>
<p><a href="http://palliactif.ch/uploads/1560852690_charteacteursreseausoinspalliatifsbejune.pdf" target="_blank" rel="noopener noreferrer"><img loading="lazy" decoding="async" class="alignnone wp-image-226" src="https://adsp-bejune.ch/site/wp-content/uploads/2017/03/symbole-de-lien-externe_318-41800-300x300.jpg" alt="" width="20" height="20" srcset="https://adsp-bejune.ch/site/wp-content/uploads/2017/03/symbole-de-lien-externe_318-41800-300x300.jpg 300w, https://adsp-bejune.ch/site/wp-content/uploads/2017/03/symbole-de-lien-externe_318-41800-150x150.jpg 150w, https://adsp-bejune.ch/site/wp-content/uploads/2017/03/symbole-de-lien-externe_318-41800.jpg 626w" sizes="auto, (max-width: 20px) 100vw, 20px" /></a>  Texte de la charte des acteurs du réseau de soins palliatifs BEJUNE (pdf)</p>
<p>&nbsp;</p>
<p><a href="https://adsp-bejune.ch/site/wp-content/uploads/2019/09/InfoADSP-V20190909_DEF.pdf" target="_blank" rel="noopener noreferrer"><img loading="lazy" decoding="async" class="alignnone wp-image-226" src="https://adsp-bejune.ch/site/wp-content/uploads/2017/03/symbole-de-lien-externe_318-41800-300x300.jpg" alt="" width="20" height="20" srcset="https://adsp-bejune.ch/site/wp-content/uploads/2017/03/symbole-de-lien-externe_318-41800-300x300.jpg 300w, https://adsp-bejune.ch/site/wp-content/uploads/2017/03/symbole-de-lien-externe_318-41800-150x150.jpg 150w, https://adsp-bejune.ch/site/wp-content/uploads/2017/03/symbole-de-lien-externe_318-41800.jpg 626w" sizes="auto, (max-width: 20px) 100vw, 20px" /></a>  Présentation de l'ADSP BEJUNE (pdf)</p>
<p>&nbsp;</p>
<p><a href="https://adsp-bejune.ch/site/wp-content/uploads/2019/09/InfoPF-V20190909-DEF.pdf" target="_blank" rel="noopener noreferrer"><img loading="lazy" decoding="async" class="alignnone wp-image-226" src="https://adsp-bejune.ch/site/wp-content/uploads/2017/03/symbole-de-lien-externe_318-41800-300x300.jpg" alt="" width="20" height="20" srcset="https://adsp-bejune.ch/site/wp-content/uploads/2017/03/symbole-de-lien-externe_318-41800-300x300.jpg 300w, https://adsp-bejune.ch/site/wp-content/uploads/2017/03/symbole-de-lien-externe_318-41800-150x150.jpg 150w, https://adsp-bejune.ch/site/wp-content/uploads/2017/03/symbole-de-lien-externe_318-41800.jpg 626w" sizes="auto, (max-width: 20px) 100vw, 20px" /></a>  Informations complémentaires et liens (pdf)</p>
<p>&nbsp;</p>
<p><a href="https://adsp-bejune.ch/site/wp-content/uploads/2019/09/ConferencedepresseADSP20190923_DEF.pdf" target="_blank" rel="noopener noreferrer"><img loading="lazy" decoding="async" class="alignnone wp-image-226" src="https://adsp-bejune.ch/site/wp-content/uploads/2017/03/symbole-de-lien-externe_318-41800-300x300.jpg" alt="" width="20" height="20" srcset="https://adsp-bejune.ch/site/wp-content/uploads/2017/03/symbole-de-lien-externe_318-41800-300x300.jpg 300w, https://adsp-bejune.ch/site/wp-content/uploads/2017/03/symbole-de-lien-externe_318-41800-150x150.jpg 150w, https://adsp-bejune.ch/site/wp-content/uploads/2017/03/symbole-de-lien-externe_318-41800.jpg 626w" sizes="auto, (max-width: 20px) 100vw, 20px" /></a>  Présentation Powerpoint de la conférence de presse (pdf)</p>
<p>&nbsp;</p>
<p><a href="https://adsp-bejune.ch/site/wp-content/uploads/2019/09/Mockup-plateforme-2-écrans-1.jpg" target="_blank" rel="https://adsp-bejune.ch/site/wp-content/uploads/2019/09/mockup-plateforme-2-écrans-1.jpg noopener noreferrer"><img loading="lazy" decoding="async" class="alignnone wp-image-226" src="https://adsp-bejune.ch/site/wp-content/uploads/2017/03/symbole-de-lien-externe_318-41800-300x300.jpg" alt="" width="20" height="20" srcset="https://adsp-bejune.ch/site/wp-content/uploads/2017/03/symbole-de-lien-externe_318-41800-300x300.jpg 300w, https://adsp-bejune.ch/site/wp-content/uploads/2017/03/symbole-de-lien-externe_318-41800-150x150.jpg 150w, https://adsp-bejune.ch/site/wp-content/uploads/2017/03/symbole-de-lien-externe_318-41800.jpg 626w" sizes="auto, (max-width: 20px) 100vw, 20px" /></a>  Mock up palliactif, 2 écrans (jpg, illustration libre de droit, réalisation Agence Giorgianni &amp; Moeschler)</p>
<p>&nbsp;</p>
<p><a href="https://adsp-bejune.ch/site/wp-content/uploads/2019/05/PALLI_Violet.jpg" target="_blank" rel="noopener noreferrer"><img loading="lazy" decoding="async" class="alignnone wp-image-226" src="https://adsp-bejune.ch/site/wp-content/uploads/2017/03/symbole-de-lien-externe_318-41800-300x300.jpg" alt="" width="20" height="20" srcset="https://adsp-bejune.ch/site/wp-content/uploads/2017/03/symbole-de-lien-externe_318-41800-300x300.jpg 300w, https://adsp-bejune.ch/site/wp-content/uploads/2017/03/symbole-de-lien-externe_318-41800-150x150.jpg 150w, https://adsp-bejune.ch/site/wp-content/uploads/2017/03/symbole-de-lien-externe_318-41800.jpg 626w" sizes="auto, (max-width: 20px) 100vw, 20px" /></a>  Logo palliactif violet (jpg)</p>
<p>&nbsp;</p>
<hr />
<p>&nbsp;</p>
<p><strong>LIENS VERS DES RESSOURCES EN LIGNE</strong></p>
<ul>
<li>Plateforme palliactif.ch :<br />
<a href="https://www.palliactif.ch"><em>https://www.palliactif.ch</em></a></p>
</li>
<li>Informations sur la charte des acteurs du réseau de soins palliatifs BEJUNE : <em><br />
<a href="https://www.palliactif.ch/soigner/la-charte">https://www.palliactif.ch/soigner/la-charte</a></p>
<p></em></li>
<li>S’inscrire à la lettre d’information :<br />
<a href="https://www.palliactif.ch/a-propos/la-lettre-dinformation"><em>https://www.palliactif.ch/a-propos/la-lettre-dinformation</em></a></p>
</li>
<li>Page Facebook :<em><br />
</em><a href="https://www.facebook.com/palliactif/"><em>https://www.facebook.com/palliactif/</em></a></p>
</li>
<li>Profil Instagram : <em><br />
</em><a href="https://www.instagram.com/palliactif/"><em>https://www.instagram.com/palliactif/</em></a></li>
</ul>
<p>&nbsp;</p>
<hr />
<p>&nbsp;</p>

<p>Lancement de la plateforme palliactif.ch et de la charte des acteurs du réseau de soins palliatifs BEJUNE   Lundi 23 septembre 2019, 10h00 Service de la santé publique du canton de Neuchâtel Rue J.-L. Pourtalès 2, 2001 Neuchâtel Salle de conférence, 1er étage embargo jusqu&rsquo;au lundi 23 septembre 2019, 11h00 &nbsp; DOCUMENTS À L&rsquo;INTENTION DE [&hellip;]</p>
