{"id":78,"date":"2018-02-20T12:33:24","date_gmt":"2018-02-20T12:33:24","guid":{"rendered":"https:\/\/adsp-bejune.ch\/site\/?page_id=78"},"modified":"2018-03-02T09:49:31","modified_gmt":"2018-03-02T09:49:31","slug":"lequipe-mobile-en-soins-palliatifs","status":"publish","type":"page","link":"https:\/\/adsp-bejune.ch\/site\/lequipe-mobile-en-soins-palliatifs\/","title":{"rendered":"L&rsquo;\u00e9quipe mobile en soins palliatifs"},"content":{"rendered":"<div class=\"span-12 append-1\">\n<div class=\"EZ_HomeLeftColumn\">\n<div class=\"part BlocText\">\n<div class=\"box\">\n<hr \/>\n<p style=\"text-align: justify;\"><span style=\"font-size: 14pt;\"><a href=\"http:\/\/www.emsp-bejune.ch\" target=\"_blank\" rel=\"noopener\"><img loading=\"lazy\" decoding=\"async\" class=\"wp-image-80 size-full alignnone\" src=\"https:\/\/adsp-bejune.ch\/site\/wp-content\/uploads\/2018\/02\/logo.png\" alt=\"\" width=\"180\" height=\"177\" \/><\/a><\/span><\/p>\n<p style=\"text-align: justify;\"><span style=\"font-size: 14pt;\">Les <a href=\"http:\/\/www.emsp-bejune.ch\/Htdocs\/Files\/v\/5804.pdf\/Definitiondelanotiondesoinspalliatifs.pdf\" target=\"_blank\" rel=\"noopener\"> soins palliatifs<\/a>\u00a0englobent le soutien et les traitements m\u00e9dicaux apport\u00e9s aux personnes souffrant de maladies incurables, potentiellement mortelles (<a href=\"http:\/\/www.emsp-bejune.ch\/Htdocs\/Files\/v\/5810.pdf\/Directivesnationales20102012.pdf\" target=\"_blank\" rel=\"noopener\">Directives nationales en soins palliatifs<\/a>).<\/span><\/p>\n<p style=\"text-align: justify;\"><span style=\"font-size: 14pt;\">Le but est de valoriser le temps qui reste \u00e0 vivre par le maintien de la meilleure qualit\u00e9 de vie possible.<\/span><\/p>\n<p style=\"text-align: justify;\"><span style=\"font-size: 14pt;\">L'Equipe mobile en soins palliatifs BEJUNE (EMSP BEJUNE) est une \u00e9quipe de consultants sp\u00e9cialis\u00e9s intervenant \u00e0 la demande des professionnels de la sant\u00e9 et du social pour leur apporter un soutien dans les situations palliatives.<\/span><\/p>\n<\/div>\n<\/div>\n<\/div>\n<\/div>\n<div class=\"span-12 last\">\n<div class=\"EZ_HomeRightColumn\">\n<div class=\"part BlocText\">\n<div class=\"box\">\n<p style=\"text-align: justify;\"><span style=\"font-size: 14pt;\">Les patients ou leurs proches peuvent demander aux professionnels de la sant\u00e9 d\u2019avoir un avis sp\u00e9cialis\u00e9 en soins\u00a0<\/span><span style=\"font-size: 14pt;\">palliatifs. Ce sont les professionnels de la sant\u00e9 qui prennent contact avec l\u2019EMSP.<\/span><\/p>\n<p style=\"text-align: justify;\"><span style=\"font-size: 14pt;\">L'EMSP BEJUNE est un des partenaires du r\u00e9seau de soins palliatifs de la r\u00e9gion BEJUNE.<\/span><\/p>\n<\/div>\n<\/div>\n<\/div>\n<\/div>\n<p>&nbsp;<\/p>\n<div class=\"IC2Site\" style=\"text-align: justify;\">\n<div id=\"wrapper\">\n<div class=\"container\">\n<div class=\"column span-25 last\">\n<div class=\"column span-25\">\n<div class=\"content\">\n<div class=\"span-12 last\">\n<div class=\"EZ_HomeRightColumn\">\n<div class=\"part BlocText\">\n<div class=\"box\">\n<hr \/>\n<p style=\"text-align: left;\">\u2192\u00a0 \u00a0<a href=\"http:\/\/www.emsp-bejune.ch\" target=\"_blank\" rel=\"noopener\">Lien vers le site internet de l'EMSP-BEJUNE<\/a><\/p>\n<hr \/>\n<p><img loading=\"lazy\" decoding=\"async\" class=\"size-medium wp-image-366 alignnone\" src=\"https:\/\/adsp-bejune.ch\/site\/wp-content\/uploads\/2018\/03\/Fleur-8-300x300.jpg\" alt=\"\" width=\"300\" height=\"300\" srcset=\"https:\/\/adsp-bejune.ch\/site\/wp-content\/uploads\/2018\/03\/Fleur-8-300x300.jpg 300w, https:\/\/adsp-bejune.ch\/site\/wp-content\/uploads\/2018\/03\/Fleur-8-150x150.jpg 150w, https:\/\/adsp-bejune.ch\/site\/wp-content\/uploads\/2018\/03\/Fleur-8-768x768.jpg 768w, https:\/\/adsp-bejune.ch\/site\/wp-content\/uploads\/2018\/03\/Fleur-8-1024x1024.jpg 1024w, https:\/\/adsp-bejune.ch\/site\/wp-content\/uploads\/2018\/03\/Fleur-8-820x820.jpg 820w, https:\/\/adsp-bejune.ch\/site\/wp-content\/uploads\/2018\/03\/Fleur-8.jpg 1600w\" sizes=\"auto, (max-width: 300px) 100vw, 300px\" \/><img loading=\"lazy\" decoding=\"async\" class=\"size-medium wp-image-361 alignnone\" src=\"https:\/\/adsp-bejune.ch\/site\/wp-content\/uploads\/2018\/03\/Fleur-3-300x300.jpg\" alt=\"\" width=\"300\" height=\"300\" srcset=\"https:\/\/adsp-bejune.ch\/site\/wp-content\/uploads\/2018\/03\/Fleur-3-300x300.jpg 300w, https:\/\/adsp-bejune.ch\/site\/wp-content\/uploads\/2018\/03\/Fleur-3-150x150.jpg 150w, https:\/\/adsp-bejune.ch\/site\/wp-content\/uploads\/2018\/03\/Fleur-3-768x768.jpg 768w, https:\/\/adsp-bejune.ch\/site\/wp-content\/uploads\/2018\/03\/Fleur-3-1024x1024.jpg 1024w, https:\/\/adsp-bejune.ch\/site\/wp-content\/uploads\/2018\/03\/Fleur-3-820x820.jpg 820w, https:\/\/adsp-bejune.ch\/site\/wp-content\/uploads\/2018\/03\/Fleur-3.jpg 1600w\" sizes=\"auto, (max-width: 300px) 100vw, 300px\" \/><img loading=\"lazy\" decoding=\"async\" class=\"size-medium wp-image-364 alignnone\" src=\"https:\/\/adsp-bejune.ch\/site\/wp-content\/uploads\/2018\/03\/Fleur-6-300x300.jpg\" alt=\"\" width=\"300\" height=\"300\" srcset=\"https:\/\/adsp-bejune.ch\/site\/wp-content\/uploads\/2018\/03\/Fleur-6-300x300.jpg 300w, https:\/\/adsp-bejune.ch\/site\/wp-content\/uploads\/2018\/03\/Fleur-6-150x150.jpg 150w, https:\/\/adsp-bejune.ch\/site\/wp-content\/uploads\/2018\/03\/Fleur-6-768x768.jpg 768w, https:\/\/adsp-bejune.ch\/site\/wp-content\/uploads\/2018\/03\/Fleur-6-1024x1024.jpg 1024w, https:\/\/adsp-bejune.ch\/site\/wp-content\/uploads\/2018\/03\/Fleur-6-820x820.jpg 820w, https:\/\/adsp-bejune.ch\/site\/wp-content\/uploads\/2018\/03\/Fleur-6.jpg 1600w\" sizes=\"auto, (max-width: 300px) 100vw, 300px\" \/><\/p>\n<hr \/>\n<p>&nbsp;<\/p>\n<\/div>\n<\/div>\n<\/div>\n<\/div>\n<\/div>\n<\/div>\n<\/div>\n<\/div>\n<\/div>\n<\/div>\n","protected":false},"excerpt":{"rendered":"<p>Les soins palliatifs\u00a0englobent le soutien et les traitements m\u00e9dicaux apport\u00e9s aux personnes souffrant de maladies incurables, potentiellement mortelles (Directives nationales en soins palliatifs). Le but est de valoriser le temps qui reste \u00e0 vivre par le maintien de la meilleure qualit\u00e9 de vie possible. L&rsquo;Equipe mobile en soins palliatifs BEJUNE (EMSP BEJUNE) est une \u00e9quipe [&hellip;]<\/p>\n","protected":false},"author":1,"featured_media":0,"parent":0,"menu_order":0,"comment_status":"closed","ping_status":"closed","template":"page-templates\/page_fullwidth.php","meta":{"footnotes":""},"class_list":["post-78","page","type-page","status-publish","hentry"],"wppr_data":{"cwp_meta_box_check":"No"},"_links":{"self":[{"href":"https:\/\/adsp-bejune.ch\/site\/wp-json\/wp\/v2\/pages\/78","targetHints":{"allow":["GET"]}}],"collection":[{"href":"https:\/\/adsp-bejune.ch\/site\/wp-json\/wp\/v2\/pages"}],"about":[{"href":"https:\/\/adsp-bejune.ch\/site\/wp-json\/wp\/v2\/types\/page"}],"author":[{"embeddable":true,"href":"https:\/\/adsp-bejune.ch\/site\/wp-json\/wp\/v2\/users\/1"}],"replies":[{"embeddable":true,"href":"https:\/\/adsp-bejune.ch\/site\/wp-json\/wp\/v2\/comments?post=78"}],"version-history":[{"count":33,"href":"https:\/\/adsp-bejune.ch\/site\/wp-json\/wp\/v2\/pages\/78\/revisions"}],"predecessor-version":[{"id":382,"href":"https:\/\/adsp-bejune.ch\/site\/wp-json\/wp\/v2\/pages\/78\/revisions\/382"}],"wp:attachment":[{"href":"https:\/\/adsp-bejune.ch\/site\/wp-json\/wp\/v2\/media?parent=78"}],"curies":[{"name":"wp","href":"https:\/\/api.w.org\/{rel}","templated":true}]}}

L&rsquo;équipe mobile en soins palliatifs

<div class="span-12 append-1">
<div class="EZ_HomeLeftColumn">
<div class="part BlocText">
<div class="box">
<hr />
<p style="text-align: justify;"><span style="font-size: 14pt;"><a href="http://www.emsp-bejune.ch" target="_blank" rel="noopener"><img loading="lazy" decoding="async" class="wp-image-80 size-full alignnone" src="https://adsp-bejune.ch/site/wp-content/uploads/2018/02/logo.png" alt="" width="180" height="177" /></a></span></p>
<p style="text-align: justify;"><span style="font-size: 14pt;">Les <a href="http://www.emsp-bejune.ch/Htdocs/Files/v/5804.pdf/Definitiondelanotiondesoinspalliatifs.pdf" target="_blank" rel="noopener"> soins palliatifs</a> englobent le soutien et les traitements médicaux apportés aux personnes souffrant de maladies incurables, potentiellement mortelles (<a href="http://www.emsp-bejune.ch/Htdocs/Files/v/5810.pdf/Directivesnationales20102012.pdf" target="_blank" rel="noopener">Directives nationales en soins palliatifs</a>).</span></p>
<p style="text-align: justify;"><span style="font-size: 14pt;">Le but est de valoriser le temps qui reste à vivre par le maintien de la meilleure qualité de vie possible.</span></p>
<p style="text-align: justify;"><span style="font-size: 14pt;">L'Equipe mobile en soins palliatifs BEJUNE (EMSP BEJUNE) est une équipe de consultants spécialisés intervenant à la demande des professionnels de la santé et du social pour leur apporter un soutien dans les situations palliatives.</span></p>
</div>
</div>
</div>
</div>
<div class="span-12 last">
<div class="EZ_HomeRightColumn">
<div class="part BlocText">
<div class="box">
<p style="text-align: justify;"><span style="font-size: 14pt;">Les patients ou leurs proches peuvent demander aux professionnels de la santé d’avoir un avis spécialisé en soins </span><span style="font-size: 14pt;">palliatifs. Ce sont les professionnels de la santé qui prennent contact avec l’EMSP.</span></p>
<p style="text-align: justify;"><span style="font-size: 14pt;">L'EMSP BEJUNE est un des partenaires du réseau de soins palliatifs de la région BEJUNE.</span></p>
</div>
</div>
</div>
</div>
<p>&nbsp;</p>
<div class="IC2Site" style="text-align: justify;">
<div id="wrapper">
<div class="container">
<div class="column span-25 last">
<div class="column span-25">
<div class="content">
<div class="span-12 last">
<div class="EZ_HomeRightColumn">
<div class="part BlocText">
<div class="box">
<hr />
<p style="text-align: left;">→   <a href="http://www.emsp-bejune.ch" target="_blank" rel="noopener">Lien vers le site internet de l'EMSP-BEJUNE</a></p>
<hr />
<p><img loading="lazy" decoding="async" class="size-medium wp-image-366 alignnone" src="https://adsp-bejune.ch/site/wp-content/uploads/2018/03/Fleur-8-300x300.jpg" alt="" width="300" height="300" srcset="https://adsp-bejune.ch/site/wp-content/uploads/2018/03/Fleur-8-300x300.jpg 300w, https://adsp-bejune.ch/site/wp-content/uploads/2018/03/Fleur-8-150x150.jpg 150w, https://adsp-bejune.ch/site/wp-content/uploads/2018/03/Fleur-8-768x768.jpg 768w, https://adsp-bejune.ch/site/wp-content/uploads/2018/03/Fleur-8-1024x1024.jpg 1024w, https://adsp-bejune.ch/site/wp-content/uploads/2018/03/Fleur-8-820x820.jpg 820w, https://adsp-bejune.ch/site/wp-content/uploads/2018/03/Fleur-8.jpg 1600w" sizes="auto, (max-width: 300px) 100vw, 300px" /><img loading="lazy" decoding="async" class="size-medium wp-image-361 alignnone" src="https://adsp-bejune.ch/site/wp-content/uploads/2018/03/Fleur-3-300x300.jpg" alt="" width="300" height="300" srcset="https://adsp-bejune.ch/site/wp-content/uploads/2018/03/Fleur-3-300x300.jpg 300w, https://adsp-bejune.ch/site/wp-content/uploads/2018/03/Fleur-3-150x150.jpg 150w, https://adsp-bejune.ch/site/wp-content/uploads/2018/03/Fleur-3-768x768.jpg 768w, https://adsp-bejune.ch/site/wp-content/uploads/2018/03/Fleur-3-1024x1024.jpg 1024w, https://adsp-bejune.ch/site/wp-content/uploads/2018/03/Fleur-3-820x820.jpg 820w, https://adsp-bejune.ch/site/wp-content/uploads/2018/03/Fleur-3.jpg 1600w" sizes="auto, (max-width: 300px) 100vw, 300px" /><img loading="lazy" decoding="async" class="size-medium wp-image-364 alignnone" src="https://adsp-bejune.ch/site/wp-content/uploads/2018/03/Fleur-6-300x300.jpg" alt="" width="300" height="300" srcset="https://adsp-bejune.ch/site/wp-content/uploads/2018/03/Fleur-6-300x300.jpg 300w, https://adsp-bejune.ch/site/wp-content/uploads/2018/03/Fleur-6-150x150.jpg 150w, https://adsp-bejune.ch/site/wp-content/uploads/2018/03/Fleur-6-768x768.jpg 768w, https://adsp-bejune.ch/site/wp-content/uploads/2018/03/Fleur-6-1024x1024.jpg 1024w, https://adsp-bejune.ch/site/wp-content/uploads/2018/03/Fleur-6-820x820.jpg 820w, https://adsp-bejune.ch/site/wp-content/uploads/2018/03/Fleur-6.jpg 1600w" sizes="auto, (max-width: 300px) 100vw, 300px" /></p>
<hr />
<p>&nbsp;</p>
</div>
</div>
</div>
</div>
</div>
</div>
</div>
</div>
</div>
</div>

<p>Les soins palliatifs englobent le soutien et les traitements médicaux apportés aux personnes souffrant de maladies incurables, potentiellement mortelles (Directives nationales en soins palliatifs). Le but est de valoriser le temps qui reste à vivre par le maintien de la meilleure qualité de vie possible. L&rsquo;Equipe mobile en soins palliatifs BEJUNE (EMSP BEJUNE) est une équipe [&hellip;]</p>
